 + 761. What is the greatest common factor of 51 and c?
51
Let b be 2/(-3) + (-265)/(-15). Let g = b - 10. Let h(d) = 2*d - 1. Let o be h(1). Calculate the greatest common factor of g and o.
1
Suppose 2*r = -5*y + 3*r + 880, -2*y + 352 = 3*r. Let q be (-2)/4*(1 + -7 + 6). Suppose q = -22*u + 8*u + 308. Calculate the greatest common factor of u and y.
22
Let v be 184/(-6) + (-3)/9. Let t = v + 34. Suppose -4*n + 124 = -4*x, 2*n + t*x - 18 = 69. What is the greatest common divisor of n and 54?
18
Let j = -111 + 108. Let x be (-5)/(j/(9*10)). Calculate the greatest common factor of x and 60.
30
Suppose -4*f = -0 - 8. Let q = 9 - f. Suppose -4*n + q*n - 18 = 0. What is the highest common factor of 48 and n?
6
Let j = 2718 - 2518. Calculate the highest common divisor of j and 275.
25
Let y = -720 - -730. What is the highest common factor of 320 and y?
10
Suppose -140 = -9*g + 4*g. Let s be (g/6)/((-5)/(-15)). Calculate the greatest common divisor of s and 70.
14
Let j be 34/(-16) + 2 - 7404/(-96). Suppose -65 = 5*h - 175. What is the highest common factor of h and j?
11
Let p be (-1 + -27)*(-26)/52. Let y be (-4)/p + (-90)/(-21). Suppose 160 = 2*j + 2*j. What is the greatest common factor of y and j?
4
Suppose -5*b + 277 = n, 2*n + b - 184 = 325. Calculate the greatest common factor of 72 and n.
36
Let g be (-2)/(2/(-4)*(-18)/(-279)). Calculate the highest common factor of 62 and g.
62
Let y(u) = u**3 - 43*u**2 + 4*u - 157. Let o be y(43). What is the highest common factor of o and 80?
5
Let l(v) = -v**3 + 9*v**2 - 7*v - 4. Let x be l(8). Let w be (-16)/(-10) + x/10. Let q be (w/2)/(1/2). What is the highest common divisor of q and 2?
2
Let a(g) = 2*g**2 + 18*g - 4. Let z be a(-10). Let j be (-8)/((z/4)/(-8)). Suppose 6*q = 8*q - j. Calculate the highest common divisor of q and 88.
8
Suppose 5*z + 3*t - 2048 - 499 = 0, -t = -5*z + 2531. Let b be z/2 + (2 - 35/14). What is the greatest common divisor of b and 23?
23
Let o be (-8)/(-3)*(-6)/(-4). Suppose -o*m + 64 = -120. What is the highest common divisor of m and 23?
23
Suppose 218 + 6 = 4*g. Suppose -8 = 12*w - g. What is the greatest common factor of 32 and w?
4
Suppose 116 = 25*z - 23*z. What is the greatest common factor of 58 and z?
58
Suppose 0 = 4*y + z - 3, 0*z + 3 = z. Suppose s - 447 = 2*w, y = -2*w - 0*w + 5*s - 443. Let u = 413 + w. Calculate the highest common divisor of 27 and u.
27
Let s(c) = c**3 - 11*c**2 - 14*c + 7. Let w be s(12). Let k = w - -27. Calculate the highest common divisor of k and 2.
2
Suppose 0 = 2*k - 15*k + 1508. What is the greatest common factor of 8 and k?
4
Let o(q) = q**3 + 0*q**2 + 8*q**2 - 5*q**2 + 4*q - 2. Let d be o(3). Calculate the highest common factor of 8 and d.
8
Suppose -1320 = 49*c - 59*c. Calculate the greatest common divisor of c and 60.
12
Suppose -48 = -3*w - 3*q, 0 = -4*w + 5*w - 5*q + 2. Suppose 2*j = w + 53. Calculate the greatest common factor of j and 132.
33
Suppose 42 = -3*c + 705. Suppose 0 = -3*n - 4*l + 31, -n - 3*l + 4 + 3 = 0. Calculate the greatest common factor of c and n.
13
Let v(b) = -b**2 + 10*b + 4. Let l be v(10). Suppose -2*t + 0*t - x + 12 = 0, 0 = l*t - 2*x - 16. Calculate the greatest common factor of t and 30.
5
Suppose -7*j = -2*j - 745. Let n = j + -94. Calculate the greatest common divisor of n and 5.
5
Let c = -1 - -235. What is the highest common divisor of c and 13?
13
Let o(w) = 17*w + 3. Let n be o(6). Let z be -109*((-3)/3 - 0). Suppose 3*d - 48 = 3*l, 4*d - z = -0*d - 5*l. Calculate the greatest common factor of d and n.
21
Let l(w) = -6*w + 2. Let b be l(-1). Suppose 3*q - 2057 = -b*q. What is the highest common divisor of 11 and q?
11
Suppose 104*p + 6 = 98*p. Let v(z) = z**2 - z - 20. Let n be v(0). Let d be (9/6)/(p/n). Calculate the highest common factor of d and 6.
6
Suppose c = -0 - 1, -s = -c - 210. Suppose i = 4*i - 285. Suppose -2*t + 38 = 2*v + 2*v, -5*t + 4*v = -i. What is the highest common divisor of s and t?
19
Let o(w) = 2*w**3 - 9*w**2 + 4*w + 4. Let m be o(4). Suppose -m = -2*k + 5*q + 1, -k + 4*q = 5. What is the highest common factor of 60 and k?
15
Suppose 12 = 2*k + 2*r - 6, -2*r = -3*k + 37. Let v = -9 - -18. Let d = k + v. What is the greatest common divisor of 50 and d?
10
Suppose 9*c = 5*c - 112. Let u = 7 - c. Let h = 23 - 16. Calculate the greatest common divisor of u and h.
7
Let v(o) = -74*o + 50. Let a be v(-5). Calculate the greatest common divisor of 24 and a.
12
Suppose -a = 4*w, -3*w - a = -w. Suppose w*m = 2*m - 22. Let c = 15 - m. What is the highest common factor of 32 and c?
4
Suppose 8*g = 13 + 11. Let j = 7 - g. Calculate the greatest common factor of j and 44.
4
Let x be (6/(-9))/(3/(-18)). Let b(h) = h**3 + 8*h**2 + h - 6. Let g be b(-3). Calculate the highest common factor of x and g.
4
Let z = 380 - 357. What is the greatest common factor of z and 23?
23
Suppose -2*o + 6*o = -4. Let u be o - 1*(2 + -9). Let f be u/(-27) - (-1376)/36. What is the highest common factor of f and 57?
19
Let d(w) = -3*w**3 - 4*w**2 - 3*w - 2. Let n be d(-2). Suppose -10*l + n = -9*l. What is the greatest common divisor of l and 132?
12
Suppose -3*h = s - 2*h - 50, 30 = s - 4*h. Suppose 5*g - s - 54 = 0. What is the highest common divisor of 60 and g?
20
Let a = -75 - -112. Suppose a = -m + 102. Calculate the highest common divisor of m and 26.
13
Let z be ((-182)/(-273))/((-6)/(-288)). Suppose 5*q = 2*q + 96. What is the highest common divisor of z and q?
32
Suppose -2*x - 4*m + 33 = m, 3*x + m - 17 = 0. Let c = 402 + -227. Suppose -x*r = r - c. What is the highest common divisor of r and 14?
7
Let x(s) = -s**3 + 20*s**2 - 20*s + 64. Let c be x(19). What is the greatest common divisor of c and 75?
15
Let f be (-28 + -1)/(42/(-42)). What is the highest common factor of 928 and f?
29
Let j be 1036*(8/(-28) + (-58)/(-56)). What is the greatest common factor of 111 and j?
111
Suppose 2*w + 2*w + 76 = 2*q, 144 = 3*q + 4*w. Suppose 0 = r - y - 3, 2*y - y + 15 = 3*r. Let p be r/(-4) + 47/2. What is the highest common divisor of q and p?
22
Let i be 206*1/6*3. Let w = i + -39. Calculate the highest common divisor of w and 8.
8
Let m = 11 - 8. Let d(y) be the third derivative of y**5/30 - y**4/6 + 11*y**3/6 - 16*y**2. Let a be d(4). What is the greatest common factor of a and m?
3
Let d be (-3)/((-12)/401) - (-11)/(-44). Calculate the highest common factor of d and 125.
25
Let y = -14 + 25. Let p(i) = -i**2 - i + 3. Let q be p(0). Suppose -3*g = -2*v + 66, q*g + 42 = -4*v + 174. Calculate the highest common divisor of y and v.
11
Let c(s) = -8*s - 57. Let i(t) = -t**2 - 5*t + 75. Let u be i(-12). Let k be c(u). Let z be 1 + 12/1 + 2. What is the highest common factor of z and k?
15
Let h(i) = 5*i - 20. Let y be h(5). Let a(c) = -c. Let k be a(-4). Suppose -k*d - d = -y. Calculate the greatest common factor of d and 5.
1
Suppose -4725 = 11*u - 18*u. Calculate the greatest common factor of 27 and u.
27
Suppose -5*k - 8 = 3*b - 2*b, -b + 16 = -k. Suppose 161 = 2*s - 5*n + 2, 3*s = -n + 213. What is the highest common divisor of s and b?
12
Suppose -5*h = 2 - 12. Let w(n) = -5*n - 3 - 3*n + h - 3. Let t be w(-4). What is the greatest common factor of t and 4?
4
Let b = 2983 - 1525. Let c be (1 + -2)/(9/b). Let p = -97 - c. What is the highest common divisor of 26 and p?
13
Let h = 127 + -26. Let v = h - 89. Calculate the highest common divisor of 12 and v.
12
Let n = 18 - 26. Let o(b) = -18*b + 12. Let r be o(n). Calculate the greatest common factor of 12 and r.
12
Let g = -798 - -819. Suppose 0 = 2*r + 22 - 358. Calculate the highest common divisor of g and r.
21
Let t(l) = -3*l**2 + 8*l + 19. Let f(y) = 2*y**2 - 4*y - 10. Let x(n) = 5*f(n) + 3*t(n). Let d be x(-5). Calculate the highest common divisor of 24 and d.
12
Suppose 3*h + 3 = -0*h. Let f be h/(-15)*3 - 8451/(-45). What is the highest common factor of 47 and f?
47
Let i(l) = 2*l**2 - 23*l - 108. Let m be i(-6). Calculate the greatest common divisor of m and 3774.
102
Let a be (-180)/6*18/(-27). Calculate the highest common factor of 15 and a.
5
Suppose 1 = -g - r - 0, -r + 3 = 0. Let z(l) = -l**2 - 5*l + 7. Let u be z(g). Calculate the greatest common factor of u and 187.
11
Let k(j) = j**3 + 4*j**2 - 4*j + 5. Let p be k(-4). Suppose w